a216?
-a211
In base 7, what is 225 + -241?
-13
In base 2, what is -10011001011010000 + 100?
-10011001011001100
In base 8, what is -45 + -107?
-154
In base 12, what is 1827b - -4?
18283
In base 6, what is 344 - -1234?
2022
In base 2, what is 101100010 - -11011010?
1000111100
In base 7, what is -1 - -113514?
113513
In base 11, what is -19938 + -9?
-19946
In base 14, what is -21 - -314?
2d3
In base 7, what is -2 - -101630?
101625
In base 12, what is -4 - -2217?
2213
In base 4, what is -11 - -2312102?
2312031
In base 8, what is -111012 - -1?
-111011
In base 14, what is 40 + -c6d6?
-c696
In base 14, what is -1b0144 + -4?
-1b0148
In base 10, what is -2 + 247894?
247892
In base 12, what is -2 + 40073?
40071
In base 5, what is -2 + 132133412?
132133410
In base 16, what is 330cb + 5?
330d0
In base 13, what is 0 + -1611?
-1611
In base 14, what is 29 + 995?
9c0
In base 15, what is 4 - -c9358?
c935c
In base 2, what is -11 + -1110001000110?
-1110001001001
In base 9, what is -1613 - 143?
-1756
In base 5, what is 4 - 111023033?
-111023024
In base 10, what is -4 - 25314?
-25318
In base 5, what is 3 - 113313?
-113310
In base 6, what is 324 + 4352?
5120
In base 8, what is -4 + 1312546?
1312542
In base 16, what is -11b + -c?
-127
In base 11, what is -40 + 0?
-40
In base 4, what is -3231322 - -1?
-3231321
In base 3, what is 201 + -1222200?
-1221222
In base 13, what is -8 + -7157?
-7162
In base 10, what is 3 - 531625?
-531622
In base 9, what is -61 - -768?
707
In base 10, what is 20 + -1222?
-1202
In base 4, what is -1101 - -12301?
11200
In base 11, what is 22 + -6068?
-6046
In base 13, what is -a - 3a6?
-3b3
In base 11, what is -13982 - 1?
-13983
In base 2, what is 10 - -11101100011110?
11101100100000
In base 6, what is 1 + 1250411?
1250412
In base 10, what is -12667 - -123?
-12544
In base 14, what is 893c0 + 6?
893c6
In base 13, what is -2 - 50691?
-50693
In base 6, what is -11 - 201243?
-201254
In base 5, what is 31 - -11024341?
11024422
In base 12, what is -97b - a3?
-a62
In base 6, what is 24425 - -350?
25215
In base 6, what is -52 - 15432?
-15524
In base 5, what is 1434 + -422014?
-420030
In base 15, what is 29a73 - 3?
29a70
In base 13, what is 62a7 - 45?
6262
In base 5, what is -1001220 + -4?
-1001224
In base 8, what is -36346 - 5?
-36353
In base 9, what is -1511 - -1258?
-242
In base 3, what is 1 - 2110012?
-2110011
In base 11, what is 4 + 441?
445
In base 15, what is -2e8 - 6?
-2ee
In base 10, what is -1077123 + 1?
-1077122
In base 4, what is -1 - 100203?
-100210
In base 11, what is -4 + 10025?
10021
In base 8, what is 10632 + -164?
10446
In base 9, what is -1 - 2850105?
-2850106
In base 8, what is 671415 + 3?
671420
In base 16, what is -8b7e - 57?
-8bd5
In base 13, what is -3 - 12246?
-12249
In base 11, what is 43 + -3017?
-2a84
In base 5, what is 1100 + 312?
1412
In base 2, what is -101000000 + -110001000?
-1011001000
In base 11, what is 1 + a670?
a671
In base 15, what is 5 - -1a95?
1a9a
In base 2, what is -1100 + -1001?
-10101
In base 4, what is -1 + -33133?
-33200
In base 16, what is -2a75 - -3?
-2a72
In base 3, what is -11 + 212021100?
212021012
In base 6, what is -2 + 1351543?
1351541
In base 3, what is -1022210101111 - -12?
-1022210101022
In base 7, what is 1 - 1233?
-1232
In base 3, what is 1220020100 - 101?
1220012222
In base 6, what is -4 - 13553401?
-13553405
In base 10, what is 5930716 - 5?
5930711
In base 2, what is -10011100010010 - 11?
-10011100010101
In base 15, what is 48d - -4?
492
In base 7, what is 1062 - -2466?
3561
In base 3, what is 122210201020 - -21?
122210201111
In base 10, what is -24270 + -8?
-24278
In base 8, what is -3676133 - -4?
-3676127
In base 11, what is -2a - -661?
632
In base 8, what is -5 - -1024506?
1024501
In base 9, what is -568 + -77?
-656
In base 12, what is b - -153a8?
153b7
In base 8, what is 3 - 574664?
-574661
In base 16, what is 162 - 93c?
-7da
In base 15, what is 6157 + 8?
6160
In base 2, what is 1101011101100 - 100?
1101011101000
In base 3, what is -220100011221 + 10?
-220100011211
In base 3, what is -11111 + -1202200?
-1221011
In base 11, what is 0 - 49a76?
-49a76
In base 12, what is 3b + -79b3?
-7974
In base 3, what is -2002 - -10200021101?
10200012022
In base 12, what is -2 - a885?
-a887
In base 16, what is 2 - -5e35b?
5e35d
In base 6, what is -1 + -155001?
-155002
In base 11, what is 24 - 1026?
-1002
In base 15, what is 7005 + -1?
7004
In base 9, what is 0 + -61?
-61
In base 13, what is 5148 - -1?
5149
In base 8, what is 12303 - -6?
12311
In base 5, what is 1 + 113342?
113343
In base 10, what is 30308 + 44?
30352
In base 3, what is 120 - 1122220112?
-1122212222
In base 3, what is -2222 + 101202211?
101122212
In base 14, what is b0a - -36?
b42
In base 10, what is 3609 - -1?
3610
In base 14, what is 268a2 + 1?
268a3
In base 12, what is 4 - -109536?
10953a
In base 11, what is -7 + -35139?
-35145
In base 11, what is a + 259?
268
In base 3, what is -101012202 + 2211?
-101002221
In base 7, what is -2602 - 45?
-2650
In base 13, what is -7 - 32a1?
-32a8
In base 10, what is 3 - 3972?
-3969
In base 13, what is -2 + -39997?
-39999
In base 13, what is -6589 - -3?
-6586
In base 4, what is 3 + 1313122?
1313131
In base 7, what is 264561 - -1?
264562
In base 12, what is -2 + -2643b?
-26441
In base 14, what is -25876 - 4?
-2587a
In base 13, what is -32 + 286?
254
In base 9, what is 3825 - -5?
3831
In base 12, what is -3434 + 33?
-3401
In base 14, what is 5 - 159bb?
-159b6
In base 2, what is -111000 - -10010000111?
10001001111
In base 8, what is 4410 + -35?
4353
In base 11, what is 7 - -1439a?
143a6
In base 2, what is -101110011 + -1010110?
-111001001
In base 11, what is 27 - -42860?
42887
In base 3, what is 12 - -11112010001?
11112010020
In base 5, what is 1 - 424022?
-424021
In base 16, what is -2e601 - -7?
-2e5fa
In base 10, what is -3208145 + -4?
-3208149
In base 4, what is 2032 - -333?
3031
In base 8, what is 65 + 603?
670
In base 10, what is -212105 - -4?
-212101
In base 9, what is 37 + 5105?
5143
In base 11, what is 6213 + -169?
6055
In base 15, what is -5 + -94b1?
-94b6
In base 4, what is 1200103101 - 1?
1200103100
In base 7, what is -56 - 331063?
-331152
In base 10, what is 61847 + 4?
61851
In base 2, what is 1001000111110001 - -1010?
1001000111111011
In base 14, what is 68a33 - 1?
68a32
In base 15, what is 28d + -10b?
182
In base 13, what is -315562 - -5?
-31555a
In base 3, what is -111221 - 11012?
-200010
In base 8, what is -122170 + 4?
-122164
In base 11, what is 11800 + 192?
11992
In base 8, what is 114 + 1740?
2054
In base 11, what is -6145a + -2?
-61461
In base 13, what is -11 + -68a?
-69b
In base 7, what is 25 + -1125?
-1100
In base 9, what is 11 - 126804?
-126783
In base 15, what is -7213 + 6?
-720c
In base 6, what is -23 - 4302?
-4325
In base 5, what is 431244 + 21?
431320
In base 3, what is -10 + 1211121121?
1211121111
In base 9, what is -2366 + -62?
-2438
In base 13, what is -1 + -9827a?
-9827b
In base 10, what is 5 + -1173470?
-1173465
In base 16, what is 1 - -11f64?
11f65
In base 10, what is -2 + 45194?
45192
In base 15, what is 3 - -104c02?
104c05
In base 14, what is 5026 - 1?
5025
In base 6, what is 533 + -2402?
-1425
In base 4, what is 100130303313 - -2?
100130303321
In base 16, what is -9 - 74f4e?
-74f57
In base 7, what is 410 + -23505?
-23065
In base 13, what is -1219107 + -5?
-121910c
In base 16, what is -1110e + -5?
-11113
In base 13, what is -3 + a2b09?
a2b06
In base 13, what is -285 - 22c2?
-2577
In base 13, what is -46a3 - -141?
-4562
In base 6, what is -1530 - -2240?
310
In base 12, what is -7b691 + -5?
-7b696
In base 3, what is -1010 + 121101?
120021
In base 13, what is c731 + -11?
c720
In base 7, what is -2103455 - 3?
-2103461
In base 15, what is 22 + -288?
-266
In base 14, what is -22 + 645?
623
In base 3, what is 1102011220 - 200?
1102011020
In base 12, what is 83 - 168?
-a5
In base 10, what is 4758 + -26?
4732
In base 16, what is 3 - 40d0?
-40cd
In base 9, what is 10 + 14407?
14417
In base 4, what is 3 + 331002?
331011
In base 4, what is 2230 + 11230?
20120
In base 7, what is 1225002 + -5?
1224664
In base 7, what is -5 + -214330?
-214335
In base 16, what is 5 - -9078?
907d
In base 11, what is -2117664 + -3?
-2117667
In base 9, what is -5347 + -12?
-5360
In base 8, what is 17076